
601
In base 6, what is -1245 + -1?
-1250
In base 13, what is 2 + -15a?
-158
In base 2, what is -111110 - 1101?
-1001011
In base 7, what is 6 + -1343?
-1334
In base 12, what is -808 - 9?
-815
In base 9, what is 1 + -281?
-280
In base 15, what is -2 - -28e?
28c
In base 11, what is 4 - 186?
-182
In base 14, what is 1 - -3c?
3d
In base 10, what is 5 + 188?
193
In base 15, what is 2 + -43?
-41
In base 6, what is -5 + 245?
240
In base 14, what is 66c - -9?
677
In base 3, what is 120 + 10220?
11110
In base 11, what is 0 + 1a56?
1a56
In base 12, what is 12 - -4?
16
In base 5, what is 12 - 41011?
-40444
In base 2, what is 10000 + 0?
10000
In base 6, what is -1 + -34?
-35
In base 13, what is 10 + -3?
a
In base 15, what is -3 + 32a?
327
In base 3, what is 101001 - -2?
101010
In base 15, what is 9 - -29?
33
In base 9, what is 0 + 33?
33
In base 13, what is -2 + -cb?
-100
In base 8, what is 2 + 435?
437
In base 8, what is 1 + -145?
-144
In base 13, what is a1 + 5?
a6
In base 6, what is 24 + 23?
51
In base 4, what is -11003 - -1?
-11002
In base 3, what is -10 - 101200?
-101210
In base 11, what is 1 - 91?
-90
In base 4, what is 10313 + -11?
10302
In base 10, what is 428 + -8?
420
In base 6, what is -12 + -152?
-204
In base 7, what is 36500 + 0?
36500
In base 4, what is 13 - 2?
11
In base 7, what is -34 + 3?
-31
In base 14, what is 0 - -5b?
5b
In base 8, what is 10 - -32?
42
In base 13, what is -42b + 29?
-402
In base 12, what is 2 - 3?
-1
In base 11, what is -2 - -13a?
138
In base 2, what is -100 - -111011?
110111
In base 10, what is 25643 - -3?
25646
In base 15, what is -b + 4?
-7
In base 7, what is 1 - -2155?
2156
In base 13, what is 5 - 137?
-132
In base 9, what is 4 - 35?
-31
In base 16, what is d + -1d?
-10
In base 9, what is 5 - -737?
743
In base 14, what is 6 + 107?
10d
In base 11, what is 109a - -1?
10a0
In base 14, what is d - -34?
43
In base 7, what is -42 + 32?
-10
In base 15, what is 15 + -b?
9
In base 11, what is -2 + -aa?
-101
In base 3, what is -11 - -2012?
2001
In base 12, what is -a + 2b?
21
In base 8, what is 407 - -1?
410
In base 3, what is 10221 - 11?
10210
In base 16, what is 5a - 5?
55
In base 4, what is -233320 + 2?
-233312
In base 10, what is -1560 + 5?
-1555
In base 8, what is 2 + -7176?
-7174
In base 8, what is -331 + -2?
-333
In base 7, what is 3 - -11?
14
In base 13, what is -41 + 44?
3
In base 10, what is 119 - 3?
116
In base 7, what is -101 - 6?
-110
In base 9, what is -162 - -5?
-156
In base 13, what is 6 + -a64?
-a5b
In base 10, what is 3 - -418?
421
In base 2, what is -11 - 110011010?
-110011101
In base 13, what is 8 - 532?
-527
In base 16, what is 1faf - -3?
1fb2
In base 9, what is 156 + 5?
162
In base 7, what is 161 - -4?
165
In base 13, what is 1a + -53?
-36
In base 4, what is 221 + -22?
133
In base 6, what is 542 + -31?
511
In base 7, what is 0 - 2146?
-2146
In base 2, what is -10110011000 + 11?
-10110010101
In base 3, what is -21 + 0?
-21
In base 11, what is -1 - 107?
-108
In base 7, what is -6 + 335?
326
In base 5, what is -2 + -140432?
-140434
In base 15, what is -11e7 + 0?
-11e7
In base 8, what is -210 + 12?
-176
In base 9, what is -4 + 18?
14
In base 7, what is -201 - -5?
-163
In base 15, what is 4 - 106?
-102
In base 12, what is 88 + 0?
88
In base 3, what is -21220 - 2?
-21222
In base 13, what is 2 - 143a?
-1438
In base 14, what is 9 + -297?
-28c
In base 4, what is 11311 + 11?
11322
In base 3, what is 102002 + -120?
101112
In base 10, what is 24 - 2?
22
In base 6, what is 2 + -111?
-105
In base 3, what is 11 - 1002?
-221
In base 6, what is 104 - -32?
140
In base 6, what is 12 + 20225?
20241
In base 13, what is -24a + -3?
-250
In base 12, what is -1 + -2?
-3
In base 7, what is 3 + -313?
-310
In base 8, what is -4 - 2?
-6
In base 12, what is 3 - 139?
-136
In base 6, what is 0 + -42434?
-42434
In base 9, what is 662 - -4?
666
In base 3, what is -10 + 12010111?
12010101
In base 2, what is -1100000101111111 - -100?
-1100000101111011
In base 4, what is -22 + 103?
21
In base 5, what is -1 - 340?
-341
In base 8, what is -43 - -4?
-37
In base 12, what is -58 + -5?
-61
In base 2, what is -100 - -11000010?
10111110
In base 8, what is -1 + 14?
13
In base 3, what is -10012 - 210?
-10222
In base 13, what is 599 + 0?
599
In base 6, what is -2510 + 10?
-2500
In base 10, what is -4 - 27?
-31
In base 4, what is 1 + 2023122?
2023123
In base 10, what is -6 + -1?
-7
In base 10, what is 44 + -1?
43
In base 5, what is -1 - -3040?
3034
In base 4, what is 23 - 30131?
-30102
In base 15, what is 201 - -5?
206
In base 4, what is 2 - 3202?
-3200
In base 9, what is -764 + -8?
-773
In base 6, what is 15 + -12?
3
In base 16, what is 19 + 99?
b2
In base 13, what is -6 - -319?
313
In base 3, what is 1101 + -101?
1000
In base 5, what is 111 + -34?
22
In base 7, what is -10206 - 1?
-10210
In base 5, what is 312 + -10?
302
In base 9, what is 111 + 0?
111
In base 8, what is -10236 - 5?
-10243
In base 3, what is -1 - -12212110?
12212102
In base 16, what is -13 - 180?
-193
In base 3, what is 2 + 1100?
1102
In base 10, what is -7 + 2726?
2719
In base 15, what is 2b4 + -3?
2b1
In base 12, what is -14 + 4?
-10
In base 10, what is -29 + 11?
-18
In base 9, what is 3 - -4?
7
In base 5, what is -113031 + 4?
-113022
In base 5, what is -124 - -2020?
1341
In base 5, what is 311 - 3?
303
In base 4, what is -130 + -10112?
-10302
In base 4, what is -11300133 - 11?
-11300210
In base 6, what is -53 - -31?
-22
In base 11, what is 4252 - -4?
4256
In base 9, what is 364 - -4?
368
In base 9, what is -3 - 82?
-85
In base 7, what is 202 - -5?
210
In base 11, what is 7 + 1a?
26
In base 5, what is -4 + -3030?
-3034
In base 3, what is 20010 - 11?
12222
In base 8, what is -4343 - 5?
-4350
In base 16, what is -4 - 6f4?
-6f8
In base 14, what is -158 - 0?
-158
In base 9, what is -130 - 17?
-147
In base 14, what is 8 + 11?
19
In base 6, what is 1 - -4220?
4221
In base 10, what is 850 + -4?
846
In base 13, what is 15 - 40?
-28
In base 11, what is -892 + -1?
-893
In base 7, what is 1 + 10114?
10115
In base 3, what is -1120201 + 1?
-1120200
In base 11, what is 35 - 3?
32
In base 3, what is -1001 + -10122?
-11200
In base 15, what is 15 - -1?
16
In base 14, what is 3 + 5d?
62
In base 4, what is -2 + 1?
-1
In base 16, what is 1 + -2b?
-2a
In base 7, what is 43 + 22?
65
In base 13, what is -18 - 3?
-1b
In base 11, what is 6 + -103?
-a8
In base 6, what is 245115 + 3?
245122
In base 10, what is 9 - 103?
-94
In base 12, what is 53 - 21?
32
In base 2, what is 111000010001 - 0?
111000010001
In base 10, what is -1 + 5?
4
In base 2, what is 10000101000 + 0?
10000101000
In base 4, what is -111112231 + 3?
-111112222
In base 2, what is 10001 - 11?
1110
In base 14, what is 2 + -a8?
-a6
In base 7, what is 1 + -11143?
-11142
In base 13, what is -5 + -2b?
-33
In base 7, what is 22 - 11363?
-11341
In base 4, what is 231 - 302?
-11
In base 6, what is 1554 - -52?
2050
In base 3, what is -1 + 1010?
1002
In base 16, what is 17 - 22?
-b
In base 2, what is 1 + -101000?
-100111
In base 5, what is 1224 - -2?
1231
In base 7, what is 130 - -31?
161
In base 4, what is 2013 - 0?
2013
In base 4, what is -12322 - -1?
-12321
In base 16, what is 84 + 4?
88
In base 9, what is 5 + -136?
-131
In base 15, what is 15 - -6c?
82
In base 2, what is -10 + 10001001?
10000111
In base 8, what is -6 - 21?
-27
In base 12, what is 1 + b?
10
In base 3, what is 101012 - 21?
100221
In base 8, what is 44 + 2?
46
In base 16, what is 36 + -1?
35
In base 12, what is -b6 - 2?
-b8
In base 2, what is 111010001 + -101?
111001100
In base 12, what is 7 + -107?
-100
In base 15, what is -3 - be?
-c2
In base 15, what is 1327 - -1?
1328
In base 16, what is -2f - -7?
-28
In base 9, what is -6 - -3802?
3785
In base 10, what is 442 - 0?
442
In base 12, what is -1 + -99?
-9a
In base 12, what is 2157 + 3?
215a
In base 10, what is 19 - 43?
-24
In base 12, what is 18 - -65?
81
In base 4, what is 310011 + 11?
310022
In base 3, what is -12 + 2012202?
2012120
In base 4, what is -3 + 101?
32
In base 16, what is 37b6 + 0?
37b6
In base 7, what is -152 + -100?
-252
In base 15, what is 4 - -64e?
653
In base 4, what is -13 + -31110?
-31123
In base 6, what is 155 + -125?
30
In base 9, what is -2 + 12?
10
In base 6, what is 21 + -233?
-212
In base 16, what is b - 